{"id":2,"date":"2018-04-03T18:25:13","date_gmt":"2018-04-03T18:25:13","guid":{"rendered":"http:\/\/localhost\/wp\/wp481\/?page_id=2"},"modified":"2022-12-12T18:34:54","modified_gmt":"2022-12-12T18:34:54","slug":"sample-page","status":"publish","type":"page","link":"https:\/\/www.ak-bily.cz\/","title":{"rendered":"Na\u0161e slu\u017eby"},"content":{"rendered":"<p>Advok\u00e1tn\u00ed kancel\u00e1\u0159 se s\u00eddlem v Ostrav\u011b, kter\u00e1 poskytuje pr\u00e1vn\u00ed slu\u017eby v cel\u00e9 \u010cR.<\/p>\n<p><img loading=\"lazy\" decoding=\"async\" class=\"alignnone size-medium wp-image-100\" src=\"http:\/\/www.ak-bily.cz\/wp-content\/uploads\/2022\/12\/IMG_9138-2-200x300.jpg\" alt=\"\" width=\"200\" height=\"300\" srcset=\"https:\/\/www.ak-bily.cz\/wp-content\/uploads\/2022\/12\/IMG_9138-2-200x300.jpg 200w, https:\/\/www.ak-bily.cz\/wp-content\/uploads\/2022\/12\/IMG_9138-2.jpg 318w\" sizes=\"auto, (max-width: 200px) 100vw, 200px\" \/><\/p>\n<h2><strong>Ob\u010dansk\u00e9 pr\u00e1vo:<\/strong><\/h2>\n<p>Poskytujeme slu\u017eby zejm\u00e9na v oblasti ob\u010danskopr\u00e1vn\u00ed, jako jsou n\u00e1hrady \u0161kody, vym\u00e1h\u00e1n\u00ed nespln\u011bn\u00fdch z\u00e1vazk\u016f (v\u010d. obchodn\u00edch), tvorba a p\u0159ipom\u00ednkov\u00e1n\u00ed smluv (v\u010d. p\u0159evodu a n\u00e1jmu nemovitost\u00ed), litigace (\u00fa\u010dast u jedn\u00e1n\u00ed soudn\u00edch, \u00fa\u0159edn\u00edch \u010di soukrom\u00fdch),<\/p>\n<h2><strong>Pracovn\u00ed pr\u00e1vo:<\/strong><\/h2>\n<p>P\u0159\u00edprava pracovn\u011bpr\u00e1vn\u00edch dokument\u016f, zastupov\u00e1n\u00ed v \u0159\u00edzen\u00edch &#8211; pracovn\u011bpr\u00e1vn\u00edch sporech<\/p>\n<h2><strong>Rodinn\u00e9 pr\u00e1vo:<\/strong><\/h2>\n<p>Krom\u011b konzultac\u00ed tak\u00e9 p\u0159\u00edpravu a zastupov\u00e1n\u00ed ve sporech o v\u00fd\u017eivn\u00e9 a o rozvod man\u017eelstv\u00ed,<\/p>\n<h2><strong>D\u011bdictv\u00ed, sv\u00e9pr\u00e1vnost aj.<\/strong><\/h2>\n<p>Pom\u00e1h\u00e1me klient\u016fm ve v\u011bcech, spojen\u00fdch s \u010dleny rodiny, zejm\u00e9na v r\u00e1mci z\u00e1v\u011bti (v\u010d. v\u00fdb\u011bru vhodn\u00e9ho zp\u016fsobu z\u00e1v\u011bti), projedn\u00e1n\u00ed d\u011bdictv\u00ed, \u0159\u00edzen\u00ed o omezen\u00ed sv\u00e9pr\u00e1vnosti a dal\u0161\u00ed.<\/p>\n<h2><strong>Spr\u00e1vn\u00ed pr\u00e1vo:<\/strong><\/h2>\n<p>Zde poskytujeme slu\u017eby v oblasti spr\u00e1vn\u00edho pr\u00e1va (nap\u0159. stavebn\u00ed \u0159\u00edzen\u00ed, problematika obecn\u00edch polici\u00ed, p\u0159estupk\u016f, zbran\u00ed a st\u0159eliva aj.), a to v\u010detn\u011b zastupov\u00e1n\u00ed ve spr\u00e1vn\u00edm \u0159\u00edzen\u00ed.<\/p>\n<h2><strong>Trestn\u00ed pr\u00e1vo:<\/strong><\/h2>\n<p>Zde slu\u017eby poskytujeme zejm. ve specifick\u00fdch p\u0159\u00edpadech, souvisej\u00edc\u00edch s poru\u0161en\u00edm norem pr\u00e1va ob\u010dansk\u00e9ho nebo spr\u00e1vn\u00edho.<\/p>\n<p>Na\u0161e advok\u00e1tn\u00ed kancel\u00e1\u0159 spolupracuje dlouhodob\u011b s kancel\u00e1\u0159\u00ed<a href=\"https:\/\/www.ondrus.eu\"> JUDr. Radka Ondru\u0161e<\/a> v Brn\u011b.<\/p>\n<h2><strong>Dal\u0161\u00ed souvisej\u00edc\u00ed \u010dinnost:<\/strong><\/h2>\n<ul>\n<li><a href=\"http:\/\/www.ak-bily.cz\/index.php\/2018\/04\/10\/publikacni-cinnost\/\">Publika\u010dn\u00ed \u010dinnost<\/a> (je spoluautorem dvou koment\u00e1\u0159\u016f k procesn\u00ed legislativ\u011b a dal\u0161\u00edch pr\u00e1vn\u00edch \u010dl\u00e1nk\u016f).<\/li>\n<li>\u010clenstv\u00ed v pracovn\u00ed skupin\u011b,\u00a0z\u0159\u00edzen\u00e9 Ministrem vnitra v\u00a0r\u00e1mci p\u0159\u00edprav nov\u00e9 legislativy pro oblast nakl\u00e1d\u00e1n\u00ed se zbran\u011bmi v\u00a0civiln\u00ed sf\u00e9\u0159e.<\/li>\n<li>Spolupr\u00e1ce s <a href=\"https:\/\/cs.wikipedia.org\/wiki\/Ferdinandus_Orden_1561\">Ferdinandus Orden 1561<\/a> (ryt\u00ed\u0159sk\u00fd \u0159\u00e1d, zab\u00fdvaj\u00edc\u00ed se podporou rodin p\u0159\u00edslu\u0161n\u00edk\u016f bezpe\u010dnostn\u00edch sbor\u016f, kter\u00e9 v souvislosti se slu\u017ebou postihla ztr\u00e1ta, nebo zran\u011bn\u00ed s v\u00e1\u017en\u00fdmi trval\u00fdmi n\u00e1sledky)<\/li>\n<\/ul>\n<p><a href=\"http:\/\/www.ak-bily.cz\/index.php\/kontakty\/\">Kontaktujte n\u00e1s&#8230;<\/a><\/p>\n","protected":false},"excerpt":{"rendered":"<p>Advok\u00e1tn\u00ed kancel\u00e1\u0159 se s\u00eddlem v Ostrav\u011b, kter\u00e1 poskytuje pr\u00e1vn\u00ed slu\u017eby v cel\u00e9 \u010cR. Ob\u010dansk\u00e9 pr\u00e1vo: Poskytujeme slu\u017eby zejm\u00e9na v oblasti ob\u010danskopr\u00e1vn\u00ed, jako jsou n\u00e1hrady \u0161kody, vym\u00e1h\u00e1n\u00ed nespln\u011bn\u00fdch z\u00e1vazk\u016f (v\u010d. obchodn\u00edch), tvorba a p\u0159ipom\u00ednkov\u00e1n\u00ed smluv (v\u010d. p\u0159evodu a n\u00e1jmu nemovitost\u00ed), litigace (\u00fa\u010dast u jedn\u00e1n\u00ed soudn\u00edch, \u00fa\u0159edn\u00edch \u010di soukrom\u00fdch), Pracovn\u00ed pr\u00e1vo: P\u0159\u00edprava pracovn\u011bpr\u00e1vn\u00edch dokument\u016f, zastupov\u00e1n\u00ed v \u0159\u00edzen\u00edch [&hellip;]<\/p>\n","protected":false},"author":1,"featured_media":0,"parent":0,"menu_order":0,"comment_status":"closed","ping_status":"open","template":"","meta":{"_monsterinsights_skip_tracking":false,"_monsterinsights_sitenote_active":false,"_monsterinsights_sitenote_note":"","_monsterinsights_sitenote_category":0,"_uf_show_specific_survey":0,"_uf_disable_surveys":false,"footnotes":""},"class_list":["post-2","page","type-page","status-publish","hentry"],"aioseo_notices":[],"_links":{"self":[{"href":"https:\/\/www.ak-bily.cz\/index.php\/wp-json\/wp\/v2\/pages\/2","targetHints":{"allow":["GET"]}}],"collection":[{"href":"https:\/\/www.ak-bily.cz\/index.php\/wp-json\/wp\/v2\/pages"}],"about":[{"href":"https:\/\/www.ak-bily.cz\/index.php\/wp-json\/wp\/v2\/types\/page"}],"author":[{"embeddable":true,"href":"https:\/\/www.ak-bily.cz\/index.php\/wp-json\/wp\/v2\/users\/1"}],"replies":[{"embeddable":true,"href":"https:\/\/www.ak-bily.cz\/index.php\/wp-json\/wp\/v2\/comments?post=2"}],"version-history":[{"count":18,"href":"https:\/\/www.ak-bily.cz\/index.php\/wp-json\/wp\/v2\/pages\/2\/revisions"}],"predecessor-version":[{"id":102,"href":"https:\/\/www.ak-bily.cz\/index.php\/wp-json\/wp\/v2\/pages\/2\/revisions\/102"}],"wp:attachment":[{"href":"https:\/\/www.ak-bily.cz\/index.php\/wp-json\/wp\/v2\/media?parent=2"}],"curies":[{"name":"wp","href":"https:\/\/api.w.org\/{rel}","templated":true}]}}

Naše služby

<p>Advokátní kancelář se sídlem v Ostravě, která poskytuje právní služby v celé ČR.</p>
<p><img loading="lazy" decoding="async" class="alignnone size-medium wp-image-100" src="http://www.ak-bily.cz/wp-content/uploads/2022/12/IMG_9138-2-200x300.jpg" alt="" width="200" height="300" srcset="https://www.ak-bily.cz/wp-content/uploads/2022/12/IMG_9138-2-200x300.jpg 200w, https://www.ak-bily.cz/wp-content/uploads/2022/12/IMG_9138-2.jpg 318w" sizes="auto, (max-width: 200px) 100vw, 200px" /></p>
<h2><strong>Občanské právo:</strong></h2>
<p>Poskytujeme služby zejména v oblasti občanskoprávní, jako jsou náhrady škody, vymáhání nesplněných závazků (vč. obchodních), tvorba a připomínkování smluv (vč. převodu a nájmu nemovitostí), litigace (účast u jednání soudních, úředních či soukromých),</p>
<h2><strong>Pracovní právo:</strong></h2>
<p>Příprava pracovněprávních dokumentů, zastupování v řízeních &#8211; pracovněprávních sporech</p>
<h2><strong>Rodinné právo:</strong></h2>
<p>Kromě konzultací také přípravu a zastupování ve sporech o výživné a o rozvod manželství,</p>
<h2><strong>Dědictví, svéprávnost aj.</strong></h2>
<p>Pomáháme klientům ve věcech, spojených s členy rodiny, zejména v rámci závěti (vč. výběru vhodného způsobu závěti), projednání dědictví, řízení o omezení svéprávnosti a další.</p>
<h2><strong>Správní právo:</strong></h2>
<p>Zde poskytujeme služby v oblasti správního práva (např. stavební řízení, problematika obecních policií, přestupků, zbraní a střeliva aj.), a to včetně zastupování ve správním řízení.</p>
<h2><strong>Trestní právo:</strong></h2>
<p>Zde služby poskytujeme zejm. ve specifických případech, souvisejících s porušením norem práva občanského nebo správního.</p>
<p>Naše advokátní kancelář spolupracuje dlouhodobě s kanceláří<a href="https://www.ondrus.eu"> JUDr. Radka Ondruše</a> v Brně.</p>
<h2><strong>Další související činnost:</strong></h2>
<ul>
<li><a href="http://www.ak-bily.cz/index.php/2018/04/10/publikacni-cinnost/">Publikační činnost</a> (je spoluautorem dvou komentářů k procesní legislativě a dalších právních článků).</li>
<li>Členství v pracovní skupině, zřízené Ministrem vnitra v rámci příprav nové legislativy pro oblast nakládání se zbraněmi v civilní sféře.</li>
<li>Spolupráce s <a href="https://cs.wikipedia.org/wiki/Ferdinandus_Orden_1561">Ferdinandus Orden 1561</a> (rytířský řád, zabývající se podporou rodin příslušníků bezpečnostních sborů, které v souvislosti se službou postihla ztráta, nebo zranění s vážnými trvalými následky)</li>
</ul>
<p><a href="http://www.ak-bily.cz/index.php/kontakty/">Kontaktujte nás&#8230;</a></p>

<p>Advokátní kancelář se sídlem v Ostravě, která poskytuje právní služby v celé ČR. Občanské právo: Poskytujeme služby zejména v oblasti občanskoprávní, jako jsou náhrady škody, vymáhání nesplněných závazků (vč. obchodních), tvorba a připomínkování smluv (vč. převodu a nájmu nemovitostí), litigace (účast u jednání soudních, úředních či soukromých), Pracovní právo: Příprava pracovněprávních dokumentů, zastupování v řízeních [&hellip;]</p>
